d = 0. What is the tens digit of t?
2
Let b(i) = -i**2 - i + 11. Let q be b(-5). Let m = -2 - q. What is the units digit of m?
7
Suppose 6 + 4 = 2*o. Suppose 94 = 3*b - 5*d, 0*d + 3*d - 100 = -o*b. What is the units digit of b?
3
Suppose -6*n + 104 = -2*n. Suppose d - 2*d + n = 0. What is the tens digit of d?
2
Let a = -142 - -262. What is the hundreds digit of a?
1
Let z(a) = 63*a + 20. What is the tens digit of z(4)?
7
Let n = 33 + -49. Let h be n - (-1 - (-1 - -2)). Let t = h + 23. What is the units digit of t?
9
What is the tens digit of 2*(-1)/2*-71?
7
Suppose j - 3*b - 6 = 0, -5*b + 2 = -3*j - b. Let t(f) = -f**2 - 5*f + 7. What is the units digit of t(j)?
1
Let z be 64/6*30/8. Suppose 0*i = 2*i - z. What is the units digit of i?
0
Let u(r) = -r - 6. Let b be u(-7). Let o = 3 - b. Suppose 36 = 6*x - o*x. What is the units digit of x?
9
What is the tens digit of -1*(1 + 348)*-1?
4
Let x = 55 - 3. Suppose 4*r - 49 = -5*p + 28, 2*r - x = 2*p. What is the units digit of r?
3
Suppose 4*s - 117 = 395. What is the tens digit of s?
2
Let o = -5 - -11. Suppose 5*l + 14 - 89 = 0. Suppose -5*a = -5*n - 20, o*a - 3*n = 2*a + l. What is the units digit of a?
3
Let f(q) = 46*q. What is the units digit of f(1)?
6
Suppose -2*d - 2 + 6 = 0. Let x be ((-8)/(-12))/(d/3). Let m = x - -2. What is the units digit of m?
3
Let v = -30 + 18. Let w = v - -23. What is the units digit of w?
1
Let i(m) = m**2 + 10*m + 4. Let o be i(-9). Let y(c) = c + 6. What is the units digit of y(o)?
1
Let z(p) = -p**3 + 4*p**2. Let c(u) = -u**3 + u**2 + u + 1. Let a be c(-1). What is the units digit of z(a)?
8
Suppose -3*g + 15 + 21 = 0. What is the units digit of g?
2
Suppose 3*g - 53 = 3*m - 17, -2*g - m = -18. Let d = g + -7. What is the units digit of d?
3
Let x = -16 - -10. What is the units digit of x/15 - 154/(-10)?
5
Suppose 5*w = -5*h, 0*w - 2*h = -2*w. Suppose 8 + 7 = i. Let u = i - w. What is the units digit of u?
5
Let f be (1 - 4/1)/(-1). Suppose 0 = r + f, 2*r = 5*l - 51 + 15. What is the units digit of (5/(-2))/((-3)/l)?
5
Suppose 3*z = z + 50. Let v = z + -17. What is the units digit of v?
8
Let x = -5 - -1. Let d = 8 + x. Suppose -d*q = q - 100. What is the units digit of q?
0
Let h be -2*(-159)/15*(-10)/(-4). Let z be (-4)/(-14) + 38/14. Suppose p + 4*p + z*k - h = 0, 5*k + 15 = 2*p. What is the tens digit of p?
1
Suppose -3*p + 6*p = 228. What is the units digit of p?
6
Suppose 4*b - 16 = -4*d, 2*b - 6*b = d - 19. Suppose -b*a + a = -52. What is the tens digit of a?
1
Suppose 6*t + 4 = 2*t. What is the units digit of 40/24 - t/3?
2
Suppose 8*x = -86 + 6. Suppose -130 = -4*b - b. Let h = x + b. What is the tens digit of h?
1
Let g(s) = s**2 + 5*s + 5. Let r = -2 - 3. Let c be g(r). Suppose c*m - 5 = -0. What is the units digit of m?
1
Let y = 73 - -6. What is the units digit of y?
9
Suppose 0*q + 2*q = -2. What is the units digit of -3*(q - (-8)/(-6))?
7
Let u = 73 + -40. What is the units digit of u?
3
Suppose v + 25 = 6*v. Suppose -m + 5 = -v. What is the tens digit of m?
1
Let g be 2/((-46)/(-44) + -1). Let u = g - 31. What is the tens digit of u?
1
Suppose -i - 2*w = 6 + 4, 3*i + w = -10. What is the units digit of (0 - (-4)/i) + 11?
9
Suppose 0*g - g + 2*n = -286, 0 = 5*g - 5*n - 1425. What is the tens digit of g?
8
Let a(x) = 2*x - 4. Suppose 3*k + 8 = 7*k. Suppose 0 = -k*z + s - 3*s + 18, 3*z - 3*s + 3 = 0. What is the units digit of a(z)?
4
Suppose 119 = 5*i - 161. What is the units digit of i?
6
Suppose -104 = -d + 3*j, 4*d + 367 = 7*d + 2*j. What is the hundreds digit of d?
1
Let q(r) = -r**3 - r**2 + 2*r. Let x be q(-2). Let w be (x + (-30)/3)/(-2). Suppose k + w = 2*k. What is the units digit of k?
5
Let l = 20 + -13. Let p = l + -2. Suppose p*d - 4*d + 5 = 0, 0 = -4*n + 4*d + 36. What is the units digit of n?
4
Let h = -9 - -147. What is the units digit of h?
8
Suppose -12*k + 16*k + 4*d = 1096, 3*k + 2*d = 826. What is the hundreds digit of k?
2
Suppose -2*d - 5*s - 17 = 2*d, 0 = -d - 4*s - 18. Suppose d = j - 4. What is the units digit of j?
6
Let b = -53 - -75. What is the tens digit of b?
2
Let z(q) = q**3 - 4*q**2 + q - 1. Let j be z(4). Suppose 4*x = 2*x + b + j, 5*b = 5. Let g = x - -4. What is the units digit of g?
6
What is the tens digit of 23 - (-12)/(-8)*-2?
2
Let r(g) = -g**3 + 3*g**2 + 7*g - 5. Let h be r(4). What is the tens digit of 2/h + 145/7?
2
Suppose -4*t = -5*m - t, -4*m = t - 17. Suppose 36 = m*y + y. What is the units digit of y?
9
What is the hundreds digit of (-80 - (0 + 8))*5/(-2)?
2
Suppose 0 = -4*z - 0*z + 112. What is the tens digit of z?
2
Suppose -20*x + 294 = -18*x. What is the hundreds digit of x?
1
Suppose -3*d - 3*o + 9 = 0, -5 - 4 = 2*d + 5*o. Let j = -4 + d. Suppose -j*r + 4*u = -62 - 10, 5*r - 86 = 4*u. What is the tens digit of r?
1
Suppose c - 5 = -1. Suppose -c*u = 0, 0*u - u - 36 = -4*f. Suppose -5*n + f*n - 16 = 0. What is the units digit of n?
4
What is the hundreds digit of -138*(-6)/16*4?
2
Let o = 8 - 8. Suppose o = -4*z + z + 6. What is the units digit of z?
2
Let q(l) = -18*l + 6. What is the hundreds digit of q(-8)?
1
Let i(o) = 6*o + 6. What is the tens digit of i(7)?
4
Let c = 1 - -8. Let m be 146/c + 6/(-27). Suppose 2*x - m - 2 = 0. What is the units digit of x?
9
Let d(f) = 5*f + 1. Let j be d(3). Let g = -7 + 17. Let o = j - g. What is the units digit of o?
6
Let c(o) = 3*o. Let t be c(1). Suppose 4*p - 3 = t*p. Suppose r = p*w - 2, r = 5*w - 2 - 6. What is the units digit of r?
7
Suppose -k - p = -13 - 5, -2*k = -p - 24. Let w = 23 - k. Suppose 0 = 2*z + z - 4*h - 51, -3*h - w = 0. What is the units digit of z?
3
Let j = -43 - -25. Let k be ((-2)/6)/((-6)/j). Let c = k + 9. What is the units digit of c?
8
Suppose -5*w + 33 = -3*t, -2*t + 6*t = 3*w - 22. Suppose -3*p + 15 = 2*p. Let z = w - p. What is the units digit of z?
3
Suppose -2*y + 902 = 5*s + 164, 5*y - 20 = 0. What is the units digit of s?
6
Let u(g) = -g**3 - 2*g**2 + 14*g + 11. What is the units digit of u(-5)?
6
What is the tens digit of 30/(-4)*144/(-30)?
3
Let y be 4/(-2) - (4 - 5). Let q = 11 - y. What is the units digit of q?
2
Let r(x) = 6*x**3 - x**2 + 2*x - 1. Let q be r(1). Suppose -4*v - q = -70. What is the tens digit of v?
1
Let k(c) = -c + 6. Let l be k(-6). Let x = -7 + l. Suppose 2*u = 3*u - x. What is the units digit of u?
5
Let o = -5 - -2. Let g = 0 - o. What is the units digit of g?
3
Let x(u) = 3*u + 3. Let g be x(-3). What is the units digit of (8/g)/(3/(-9))?
4
Let m(f) = -1. Let r(w) = -w**2 + w + 1. Let k(c) = m(c) - 2*r(c). What is the units digit of k(-2)?
9
Let m(j) = j**3 - 8*j**2 - 2*j + 3. What is the tens digit of m(9)?
6
Let g(p) = p**3 - 6*p**2 + 4*p + 6. Let c be g(5). Let n = c - -9. Suppose -4*x + n + 12 = 2*j, 3*j - 33 = -5*x. What is the tens digit of j?
1
Let d = -8 + -19. Let l = d + 40. What is the tens digit of l?
1
Let i(b) = -b**3 - 7*b**2 - b + 4. Let m be i(-5). Let g = m + 57. What is the tens digit of g?
1
Suppose -5*j - 18 = -7*j. Suppose -2*h + 23 = 5*x - j, -47 = -5*h + 4*x. What is the units digit of h?
1
Let a(z) be the third derivative of z**4/24 + 4*z**3/3 + 2*z**2. Let y be a(-6). Let h = y - 1. What is the units digit of h?
1
Suppose 20 = 2*z + 2*z. Suppose -5*r = z*t - 20, 37 = 5*t + 2*r + 14. What is the units digit of t?
5
Let b(r) be the second derivative of -r**3/3 - r. Let a = -8 + 1. What is the units digit of b(a)?
4
Let u be (-186)/(-24) - (-2)/8. Suppose 5 + 3 = -2*m + 4*j, -3*m = -4*j + u. What is the units digit of (1 - m) + 0/(-5)?
1
Let w be 32/20*45/6. What is the tens digit of w/(-28) + (-94)/(-7)?
1
Let f(v) = 4*v**2 + 6*v + 5. Let x be f(-4). Suppose -2*p + x + 9 = 0. What is the units digit of p?
7
Let b = -138 + 77. Let o = b - -29. Let w = -18 - o. What is the tens digit of w?
1
Suppose -3*t + 0*i = 4*i - 31, 0 = t - 3*i + 7. Suppose 0 = -t*y - 14 + 64. What is the units digit of y?
0
Let g(k) = -k**3 + k + 3. Let z be 3 + (-5)/((-10)/(-6)). Let y be g(z). Suppose 5*p - 23 = 2*v, 2*v - 16 = -y*p + v. What is the units digit of p?
5
Suppose -d = -4*d. Suppose 5*w = -d*w + 115. What is the tens digit of w?
2
Suppose -2*w - 2*f + 6 = 0, 6*w - 2*f = 3*w + 9. Let g be w/(-2)*16/(-6). Suppose 2*q + 1 = 3*i - 0, -g*q = -2*i - 10. What is the units digit of